7.
1
Calculate the highest common factor of 1 and 227.
1
What is the greatest common divisor of 429 and 39?
39
What is the highest common divisor of 33 and 3?
3
Calculate the greatest common divisor of 35 and 120295.
35
Calculate the greatest common divisor of 34 and 4352.
34
What is the greatest common divisor of 1335 and 60?
15
Calculate the highest common divisor of 525 and 945.
105
Calculate the greatest common factor of 11266 and 86.
86
Calculate the highest common factor of 585 and 15.
15
What is the greatest common factor of 15 and 235?
5
What is the highest common factor of 195 and 6?
3
What is the greatest common divisor of 77 and 44?
11
What is the highest common factor of 3 and 762?
3
Calculate the greatest common divisor of 231 and 143.
11
Calculate the highest common divisor of 3388 and 252.
28
What is the highest common divisor of 31 and 837?
31
What is the highest common factor of 22 and 8?
2
What is the greatest common factor of 252 and 1332?
36
Calculate the greatest common factor of 146 and 219.
73
What is the greatest common divisor of 132 and 180?
12
What is the highest common divisor of 2599 and 23?
23
What is the highest common factor of 137 and 1?
1
Calculate the greatest common factor of 10 and 815.
5
Calculate the highest common divisor of 87 and 232.
29
Calculate the highest common divisor of 30 and 16670.
10
Calculate the highest common factor of 66 and 18.
6
What is the greatest common factor of 768 and 336?
48
What is the highest common factor of 63 and 2979?
9
Calculate the greatest common divisor of 81 and 549.
9
Calculate the greatest common divisor of 20 and 580.
20
What is the greatest common factor of 645 and 1720?
215
Calculate the greatest common factor of 12 and 930.
6
What is the highest common divisor of 989 and 129?
43
What is the greatest common factor of 22 and 198?
22
What is the greatest common divisor of 216 and 26856?
72
What is the highest common divisor of 9 and 6?
3
Calculate the highest common divisor of 96 and 6.
6
Calculate the highest common factor of 171 and 475.
19
What is the highest common divisor of 27 and 261?
9
Calculate the highest common factor of 1075 and 50.
25
Calculate the highest common factor of 238 and 136.
34
Calculate the highest common divisor of 354 and 3127.
59
Calculate the highest common divisor of 2873 and 17.
17
What is the greatest common factor of 10307 and 22?
11
Calculate the greatest common divisor of 281 and 26414.
281
Calculate the highest common divisor of 32 and 3512.
8
What is the greatest common factor of 230 and 10?
10
Calculate the highest common factor of 27 and 3888.
27
What is the highest common factor of 126 and 18?
18
What is the highest common divisor of 66 and 550?
22
What is the highest common divisor of 28 and 4137?
7
Calculate the highest common divisor of 88 and 296.
8
Calculate the greatest common factor of 4648 and 35.
7
What is the greatest common factor of 1479 and 261?
87
What is the highest common factor of 231 and 1001?
77
Calculate the highest common factor of 18 and 5031.
9
What is the highest common divisor of 235 and 47?
47
Calculate the highest common factor of 495 and 1375.
55
What is the highest common divisor of 2119 and 104?
13
What is the highest common divisor of 16 and 74?
2
What is the greatest common divisor of 108 and 288?
36
Calculate the highest common factor of 4472 and 24.
8
Calculate the greatest common divisor of 48 and 16.
16
Calculate the highest common divisor of 183 and 34343.
61
Calculate the highest common divisor of 368 and 322.
46
Calculate the greatest common divisor of 159 and 9.
3
What is the greatest common divisor of 687 and 6?
3
Calculate the highest common divisor of 1128 and 47.
47
What is the highest common factor of 34 and 306?
34
What is the greatest common factor of 448 and 392?
56
What is the greatest common factor of 65 and 265?
5
Calculate the highest common factor of 711 and 79.
79
Calculate the greatest common factor of 795 and 742.
53
What is the greatest common divisor of 9 and 927?
9
Calculate the highest common divisor of 16 and 1264.
16
Calculate the highest common divisor of 336 and 144.
48
What is the highest common factor of 60 and 36?
12
What is the greatest common factor of 353 and 1?
1
Calculate the highest common divisor of 78 and 858.
78
Calculate the greatest common divisor of 37 and 2.
1
Calculate the highest common divisor of 96 and 3312.
48
Calculate the greatest common factor of 60 and 12936.
12
Calculate the greatest common divisor of 23453 and 141.
47
Calculate the highest common divisor of 253 and 209.
11
What is the greatest common factor of 650 and 250?
50
Calculate the greatest common divisor of 1334 and 46.
46
What is the greatest common factor of 275 and 1325?
25
What is the greatest common factor of 23244 and 156?
156
What is the highest common divisor of 4 and 92?
4
Calculate the greatest common divisor of 2220 and 60.
60
Calculate the highest common factor of 226 and 3051.
113
Calculate the greatest common divisor of 2272 and 64.
32
What is the highest common divisor of 105 and 189?
21
Calculate the greatest common factor of 9 and 2547.
9
Calculate the greatest common divisor of 1081 and 23.
23
Calculate the highest common divisor of 6356 and 1135.
227
Calculate the highest common factor of 1848 and 2184.
168
What is the greatest common divisor of 6417 and 46?
23
What is the highest common factor of 5 and 4?
1
Calculate the greatest common divisor of 58 and 6322.
58
What is the greatest common divisor of 55 and 1?
1
Calculate the highest common factor of 1003 and 13.
1
What is the highest common divisor of 55 and 3575?
55
What is the greatest common factor of 192 and 40?
8
Calculate the greatest common factor of 90 and 72.
18
Calculate the highest common factor of 512 and 16.
16
What is the greatest common divisor of 85 and 90?
5
What is the highest common divisor of 230 and 184?
46
Calculate the greatest common factor of 85 and 15.
5
Calculate the greatest common divisor of 492 and 5658.
246
Calculate the greatest common divisor of 22 and 77.
11
What is the highest common divisor of 3663 and 185?
37
What is the highest common factor of 58 and 928?
58
What is the greatest common factor of 3705 and 13?
13
What is the greatest common divisor of 147 and 3969?
147
What is the greatest common divisor of 4239 and 27?
27
What is the greatest common divisor of 1108 and 4?
4
Calculate the highest common divisor of 221 and 34.
17
What is the greatest common factor of 60 and 84?
12
Calculate the greatest common factor of 544 and 16456.
136
What is the greatest common divisor of 45 and 390?
15
What is the highest common divisor of 10 and 6835?
5
What is the highest common divisor of 609 and 19082?
203
Calculate the greatest common factor of 1460 and 1640.
20
Calculate the greatest common divisor of 915 and 60.
15
What is the highest common divisor of 15 and 1905?
15
Calculate the highest common factor of 11285 and 185.
185
Calculate the greatest common divisor of 3312 and 108.
36
What is the highest common divisor of 306 and 680?
34
Calculate the greatest common factor of 6040 and 40.
40
Calculate the highest common factor of 63 and 27.
9
Calculate the highest common factor of 192 and 132.
12
Calculate the greatest common factor of 141 and 9.
3
What is the greatest common factor of 54800 and 25?
25
Calculate the greatest common divisor of 85 and 306.
17
Calculate the greatest common divisor of 30 and 250.
10
Calculate the greatest common divisor of 1554 and 28.
14
What is the greatest common factor of 172 and 473?
43
What is the highest common divisor of 96 and 354?
6
What is the highest common factor of 99 and 11?
11
What is the greatest common divisor of 6 and 2154?
6
What is the highest common factor of 11 and 3014?
11
Calculate the highest common factor of 1900 and 6.
2
What is the highest common divisor of 10 and 6010?
10
Calculate the greatest common factor of 285 and 5795.
95
What is the greatest common divisor of 20 and 270?
10
Calculate the greatest common divisor of 13320 and 20.
20
Calculate the greatest common divisor of 4945 and 45.
5
Calculate the highest common factor of 44 and 44.
44
Calculate the highest common divisor of 143 and 110.
11
Calculate the 